se 14, what is -4 - -324?
320
In base 12, what is 35ab + 1?
35b0
In base 7, what is 12 + 16?
31
In base 7, what is -3 + -513?
-516
In base 7, what is -25 - -146?
121
In base 6, what is 5 + 134?
143
In base 2, what is 1001101 - -1110000?
10111101
In base 12, what is -134 + -5?
-139
In base 16, what is -63 + -3?
-66
In base 8, what is 154 + -4?
150
In base 13, what is 0 + 1?
1
In base 4, what is 211 + -1030?
-213
In base 14, what is 61b + 8?
625
In base 10, what is 54 + -4?
50
In base 9, what is -174 - 3?
-177
In base 11, what is 7 - 42?
-36
In base 13, what is cc + 3?
102
In base 12, what is 5 + -4?
1
In base 5, what is -124 - 3?
-132
In base 16, what is -14 - 25?
-39
In base 14, what is -1 - 13c?
-13d
In base 12, what is -5 - -217?
212
In base 4, what is 21103 + -10?
21033
In base 2, what is 1 - 111110?
-111101
In base 4, what is 1131 - -102?
1233
In base 10, what is -4 - 744?
-748
In base 16, what is -43 + -e?
-51
In base 15, what is -4 - -23d?
239
In base 9, what is -8 + 60?
51
In base 5, what is 131 - 14?
112
In base 2, what is -1001001001 - 101?
-1001001110
In base 8, what is -12 + 5?
-5
In base 12, what is 2 + 102?
104
In base 12, what is -52 - -2?
-50
In base 7, what is 4 - 14?
-10
In base 8, what is -311 - 0?
-311
In base 5, what is -3 + -201?
-204
In base 6, what is 4 + -125?
-121
In base 9, what is -316 + -13?
-330
In base 15, what is 1a31 - -1?
1a32
In base 16, what is 1f - 6?
19
In base 7, what is -14 - 2?
-16
In base 5, what is -1 - -31000?
30444
In base 10, what is 193 + -8?
185
In base 7, what is -5 - 40?
-45
In base 10, what is 220 + 3?
223
In base 3, what is 11102 + 0?
11102
In base 3, what is -20 - 10012?
-10102
In base 2, what is -1001100100000 - -11?
-1001100011101
In base 10, what is 8974 + 4?
8978
In base 7, what is -25300 - 2?
-25302
In base 2, what is 0 + -111110111101?
-111110111101
In base 6, what is 22543 + 2?
22545
In base 5, what is 41442 - -10?
42002
In base 9, what is 3 + 5205?
5208
In base 5, what is -2 + 11?
4
In base 2, what is -1001111110 + 100?
-1001111010
In base 5, what is 3 + 1030?
1033
In base 3, what is 0 + 100220?
100220
In base 9, what is -5 + 872?
866
In base 4, what is -202 - 132?
-1000
In base 3, what is -1 - 211?
-212
In base 14, what is -2b + -13?
-40
In base 11, what is 3 + 30?
33
In base 13, what is 13 - 295?
-282
In base 11, what is 104 - -3?
107
In base 16, what is a - -f?
19
In base 4, what is 13 - 100?
-21
In base 12, what is -34a - -1?
-349
In base 3, what is 11 - -2000?
2011
In base 10, what is 5 + -529?
-524
In base 13, what is -29 + -4?
-30
In base 9, what is 54 + -5?
48
In base 10, what is 4 + -6?
-2
In base 14, what is 35 + 21?
56
In base 12, what is -4670 - 0?
-4670
In base 8, what is 1 - 763?
-762
In base 11, what is 2 - -33?
35
In base 16, what is -3 + a4b?
a48
In base 8, what is 15 - 14?
1
In base 11, what is -266 - -1?
-265
In base 3, what is -10 + 101110?
101100
In base 10, what is 3 + 55?
58
In base 12, what is -b34 - 0?
-b34
In base 15, what is -1 + -128?
-129
In base 15, what is -4c2 - 0?
-4c2
In base 13, what is 358 - 2a?
32b
In base 15, what is -1237 - 5?
-123c
In base 12, what is 3 + 206?
209
In base 2, what is 1000100 + -110000?
10100
In base 8, what is -2670 + -2?
-2672
In base 13, what is -20 + -18?
-38
In base 15, what is 2 + 110?
112
In base 10, what is 736 + -3?
733
In base 15, what is 71 - -1?
72
In base 4, what is 11 + 20301?
20312
In base 4, what is 130 - -1111?
1301
In base 14, what is -c8 - 4?
-cc
In base 9, what is 3 + 220?
223
In base 6, what is -103 + 5?
-54
In base 13, what is -1298 + 8?
-1290
In base 4, what is 1 - -100?
101
In base 8, what is 15 + 2?
17
In base 15, what is -e + 4a?
3b
In base 6, what is -41 - -343?
302
In base 13, what is -222 - 4?
-226
In base 2, what is -10110101101 - -101?
-10110101000
In base 5, what is 114221 + 10?
114231
In base 10, what is -1 - 1217?
-1218
In base 16, what is 5b - 21?
3a
In base 4, what is 3003 - 10?
2333
In base 15, what is -3 + 1c?
19
In base 16, what is 2 + 181?
183
In base 16, what is -5 + -3fa?
-3ff
In base 2, what is 1001 - -1001?
10010
In base 7, what is -2 + 2?
0
In base 10, what is 604 - -4?
608
In base 11, what is -4509 - -2?
-4507
In base 10, what is -298 + 7?
-291
In base 16, what is 22 - 25?
-3
In base 5, what is 0 + 1124?
1124
In base 4, what is -32023 - 0?
-32023
In base 6, what is -142 + 1421?
1235
In base 3, what is 112 + -2220?
-2101
In base 10, what is -1309 - 23?
-1332
In base 3, what is -1221 + 2000?
2
In base 10, what is 51 - 7?
44
In base 2, what is -10 - 100?
-110
In base 7, what is -1315 - 6?
-1324
In base 16, what is 52 - 9?
49
In base 10, what is 361 + 6?
367
In base 15, what is 188 - 3?
185
In base 13, what is -14 - 27?
-3b
In base 15, what is -102 + 0?
-102
In base 16, what is -187 - -1?
-186
In base 12, what is -194a + -5?
-1953
In base 11, what is 20 + 8a?
aa
In base 11, what is -8 + -6?
-13
In base 2, what is -10101 + -110100000?
-110110101
In base 2, what is -11 - 11010111?
-11011010
In base 12, what is -53 - -10?
-43
In base 3, what is -102012 + 0?
-102012
In base 3, what is -22012212 - 1?
-22012220
In base 16, what is 2 + -a5?
-a3
In base 4, what is -133112 - -10?
-133102
In base 3, what is 12 + -2000?
-1211
In base 5, what is -2 - -13?
11
In base 10, what is -192 - 9?
-201
In base 2, what is -10 + -10110001100?
-10110001110
In base 10, what is -3 - 55?
-58
In base 3, what is 202022012 + 11?
202022100
In base 4, what is 31322 - 11?
31311
In base 15, what is 1 + 390?
391
In base 6, what is 2223 - -2?
2225
In base 10, what is -3 + -2799?
-2802
In base 9, what is -1054 + 2?
-1052
In base 10, what is -40 + -196?
-236
In base 10, what is -4 + 197?
193
In base 13, what is -2 - 567?
-569
In base 15, what is -3b8 + -7?
-3c0
In base 10, what is 2 - 100?
-98
In base 6, what is -13 - 320?
-333
In base 15, what is -3 + 11?
d
In base 15, what is 454 - 1?
453
In base 8, what is 2 + -315?
-313
In base 4, what is 200 - -2?
202
In base 10, what is -1462 - 8?
-1470
In base 12, what is 6b4 + 0?
6b4
In base 11, what is -12 + -1?
-13
In base 12, what is a - 119?
-10b
In base 3, what is -1022 - -120?
-202
In base 2, what is -11011 - -10100?
-111
In base 5, what is 2 + -4342?
-4340
In base 6, what is 151 + 1?
152
In base 8, what is 1 + -241?
-240
In base 12, what is 9 - -16?
23
In base 14, what is -2a - 6?
-32
In base 13, what is -1 + -41?
-42
In base 16, what is -3a - 2?
-3c
In base 2, what is -110011110000001 - -10?
-110011101111111
In base 10, what is 12 - 21?
-9
In base 13, what is 177 - -5?
17c
In base 14, what is -5 - -5a?
55
In base 16, what is -3 - 1502?
-1505
In base 5, what is -1200 + -30?
-1230
In base 2, what is 100110100 + 1101?
101000001
In base 7, what is -66 - -4?
-62
In base 6, what is 52350 - 3?
52343
In base 16, what is -2 - -246?
244
In base 14, what is 4 - 29?
-25
In base 2, what is 11101011101000 + -11?
11101011100101
In base 7, what is 21 - 10?
11
In base 12, what is 1 + -44?
-43
In base 16, what is 2c5 + -4?
2c1
In base 8, what is -761 + -35?
-1016
In base 2, what is -1 + 111000?
110111
In base 9, what is 0 - 83?
-83
In base 15, what is 999 + -5?
994
In base 12, what is 23 + 14?
37
In base 10, what is -1 - -3180?
3179
In base 5, what is 3123 + -3?
3120
In base 8, what is -5 - 25?
-32
In base 3, what is 112222 - -2?
120001
In base 6, what is 43123 + -5?
43114
In base 12, what is 11 + -42?
-31
In base 9, what is 6 - 5?
1
In base 15, what is 1b - -5?
21
In base 2, what is 10 - -110110100?
110110110
In base 13, what is 9 + -7?
2
In base 12, what is -32 + -2a9?
-31b
In base 7, what is -5 + 121?
113
In base 11, what is 0 - 281?
-281
In base 14, what is -5 + 27?
22
In base 14, what is 4 - -8a?
90
In base 14, what is 5 - 55?
-50
In base 13, what is -4 - 82?
-86
In base 4, what is 33 - -101?
200
In base 5, what is -4 - 33?
-42
In base 4, what is 10 + -1103?
-1033
In base 13, what is b6 + -4?
b2
In base 8, what is 21613 + 3?
21616
In base 3, what is 22110 + -1?
22102
In base 3, what is -200112 - 11?
-200200
In base 2, what is 1 + -10?
-1
In base 11, what is 0 - 367?
-367
In base 2, what is -100 - -1011100?
1011000
In base 2, what is 10 - -1001110?
1010000
In base 5, what is 11404 - 3?
11401
In base 6, what is 2 - 115?
-113
In base 9, what is 15 - 80?
-64
In base 3, what is 1222 - 2?
122